s divided by 35.
33
Calculate the remainder when 57 is divided by 10.
7
What is the remainder when 1594 is divided by 330?
274
Calculate the remainder when 123 is divided by 13.
6
What is the remainder when 38 is divided by 25?
13
What is the remainder when 981 is divided by 122?
5
What is the remainder when 43 is divided by 2?
1
What is the remainder when 1958 is divided by 390?
8
Calculate the remainder when 434 is divided by 44.
38
What is the remainder when 89 is divided by 43?
3
Calculate the remainder when 59 is divided by 5.
4
What is the remainder when 1211 is divided by 64?
59
Calculate the remainder when 213 is divided by 9.
6
Calculate the remainder when 1032 is divided by 53.
25
Calculate the remainder when 97 is divided by 45.
7
What is the remainder when 5157 is divided by 40?
37
What is the remainder when 554 is divided by 27?
14
Calculate the remainder when 222 is divided by 30.
12
Calculate the remainder when 198 is divided by 40.
38
What is the remainder when 242 is divided by 34?
4
What is the remainder when 120 is divided by 61?
59
What is the remainder when 817 is divided by 82?
79
What is the remainder when 763 is divided by 51?
49
What is the remainder when 1009 is divided by 249?
13
What is the remainder when 3536 is divided by 1177?
5
What is the remainder when 612 is divided by 125?
112
Calculate the remainder when 418 is divided by 163.
92
Calculate the remainder when 1713 is divided by 13.
10
Calculate the remainder when 806 is divided by 63.
50
What is the remainder when 29798 is divided by 200?
198
What is the remainder when 2736 is divided by 2717?
19
What is the remainder when 407 is divided by 59?
53
What is the remainder when 1137 is divided by 12?
9
What is the remainder when 179 is divided by 18?
17
Calculate the remainder when 628 is divided by 155.
8
Calculate the remainder when 56 is divided by 30.
26
What is the remainder when 427 is divided by 34?
19
Calculate the remainder when 1179 is divided by 1173.
6
What is the remainder when 3179 is divided by 43?
40
What is the remainder when 350 is divided by 8?
6
Calculate the remainder when 107 is divided by 56.
51
What is the remainder when 184 is divided by 28?
16
Calculate the remainder when 1129 is divided by 103.
99
What is the remainder when 1104 is divided by 41?
38
Calculate the remainder when 1084 is divided by 38.
20
What is the remainder when 397 is divided by 15?
7
Calculate the remainder when 218 is divided by 58.
44
Calculate the remainder when 153 is divided by 53.
47
Calculate the remainder when 70 is divided by 32.
6
Calculate the remainder when 4696 is divided by 38.
22
What is the remainder when 1478 is divided by 77?
15
Calculate the remainder when 30237 is divided by 270.
267
What is the remainder when 859 is divided by 112?
75
What is the remainder when 131 is divided by 42?
5
What is the remainder when 22 is divided by 10?
2
What is the remainder when 1578 is divided by 492?
102
Calculate the remainder when 126 is divided by 45.
36
Calculate the remainder when 368 is divided by 55.
38
Calculate the remainder when 921 is divided by 185.
181
Calculate the remainder when 163 is divided by 38.
11
Calculate the remainder when 76 is divided by 6.
4
Calculate the remainder when 83 is divided by 21.
20
Calculate the remainder when 149 is divided by 137.
12
What is the remainder when 7272 is divided by 29?
22
Calculate the remainder when 124 is divided by 44.
36
What is the remainder when 127 is divided by 13?
10
Calculate the remainder when 74 is divided by 33.
8
What is the remainder when 6364 is divided by 32?
28
Calculate the remainder when 228 is divided by 34.
24
What is the remainder when 392 is divided by 217?
175
What is the remainder when 550 is divided by 53?
20
Calculate the remainder when 1030 is divided by 148.
142
Calculate the remainder when 37727 is divided by 131.
130
What is the remainder when 728 is divided by 43?
40
Calculate the remainder when 4453 is divided by 194.
185
What is the remainder when 14 is divided by 12?
2
What is the remainder when 553 is divided by 181?
10
Calculate the remainder when 472 is divided by 80.
72
What is the remainder when 120 is divided by 102?
18
Calculate the remainder when 655 is divided by 41.
40
What is the remainder when 87 is divided by 9?
6
What is the remainder when 495 is divided by 31?
30
What is the remainder when 2999 is divided by 125?
124
What is the remainder when 440 is divided by 231?
209
What is the remainder when 670 is divided by 26?
20
Calculate the remainder when 446 is divided by 113.
107
What is the remainder when 9717 is divided by 27?
24
What is the remainder when 162 is divided by 55?
52
What is the remainder when 76 is divided by 39?
37
Calculate the remainder when 22750 is divided by 96.
94
What is the remainder when 550 is divided by 69?
67
What is the remainder when 1425 is divided by 46?
45
Calculate the remainder when 47 is divided by 30.
17
What is the remainder when 134 is divided by 37?
23
Calculate the remainder when 4401 is divided by 2194.
13
Calculate the remainder when 426 is divided by 11.
8
What is the remainder when 130 is divided by 17?
11
What is the remainder when 190 is divided by 28?
22
What is the remainder when 125 is divided by 32?
29
Calculate the remainder when 208 is divided by 10.
8
Calculate the remainder when 324 is divided by 10.
4
What is the remainder when 626 is divided by 33?
32
Calculate the remainder when 9 is divided by 2.
1
Calculate the remainder when 20 is divided by 7.
6
What is the remainder when 106 is divided by 47?
12
What is the remainder when 1231 is divided by 95?
91
Calculate the remainder when 3667 is divided by 3655.
12
Calculate the remainder when 166 is divided by 35.
26
Calculate the remainder when 738 is divided by 52.
10
Calculate the remainder when 323 is divided by 76.
19
What is the remainder when 93 is divided by 14?
9
Calculate the remainder when 44 is divided by 37.
7
What is the remainder when 376 is divided by 43?
32
Calculate the remainder when 244 is divided by 13.
10
What is the remainder when 471 is divided by 67?
2
What is the remainder when 227 is divided by 122?
105
Calculate the remainder when 213 is divided by 106.
1
Calculate the remainder when 3238 is divided by 10.
8
Calculate the remainder when 2228 is divided by 2223.
5
Calculate the remainder when 1611 is divided by 14.
1
What is the remainder when 1439 is divided by 60?
59
Calculate the remainder when 219 is divided by 56.
51
Calculate the remainder when 474 is divided by 25.
24
What is the remainder when 419 is divided by 136?
11
What is the remainder when 54 is divided by 8?
6
What is the remainder when 158 is divided by 34?
22
What is the remainder when 811 is divided by 91?
83
What is the remainder when 679 is divided by 36?
31
Calculate the remainder when 17289 is divided by 266.
265
Calculate the remainder when 4592 is divided by 510.
2
Calculate the remainder when 2192 is divided by 129.
128
What is the remainder when 107 is divided by 23?
15
What is the remainder when 581 is divided by 26?
9
Calculate the remainder when 204 is divided by 35.
29
Calculate the remainder when 968 is divided by 19.
18
Calculate the remainder when 470 is divided by 95.
90
What is the remainder when 13523 is divided by 28?
27
What is the remainder when 1822 is divided by 48?
46
What is the remainder when 139 is divided by 17?
3
What is the remainder when 107 is divided by 12?
11
What is the remainder when 1414 is divided by 174?
22
Calculate the remainder when 7227 is divided by 29.
6
What is the remainder when 263 is divided by 44?
43
What is the remainder when 228 is divided by 21?
18
What is the remainder when 417 is divided by 41?
7
Calculate the remainder when 1549 is divided by 31.
30
What is the remainder when 1077 is divided by 90?
87
What is the remainder when 1077 is divided by 120?
117
What is the remainder when 155 is divided by 28?
15
What is the remainder when 563 is divided by 146?
125
Calculate the remainder when 2650 is divided by 189.
4
What is the remainder when 584 is divided by 289?
6
Calculate the remainder when 823 is divided by 297.
229
What is the remainder when 207 is divided by 72?
63
Calculate the remainder when 1208 i